e a(11).
149
Let w(r) = 1933*r + 21261. Give w(-11).
-2
Let s(k) = -k**3 + 17*k**2 + 44*k - 129. What is s(19)?
-15
Let z(w) = 2*w**2 + 107*w - 5608. Calculate z(-86).
-18
Let r(a) = 65*a**3 - 119*a**2 + 4*a + 1. Give r(2).
53
Let p(s) = 2*s**3 - 187*s**2 + 94*s - 22. Determine p(93).
71
Let o(u) = 33*u + 2064. Determine o(-62).
18
Let d(a) = -a**3 + 10*a**2 + 30*a - 64. Determine d(12).
8
Let d(g) = 3*g**2 - 108*g - 110. Determine d(-1).
1
Let q(s) = 33*s + 902. Calculate q(-29).
-55
Let q(g) = -171*g - 2258. Calculate q(-13).
-35
Let l(d) = 6*d**2 + 20*d - 24. Calculate l(2).
40
Let g(u) = u**3 + 3*u**2 - 10*u - 16. Give g(-5).
-16
Let g(w) = -625*w**2 + 1225*w + 46. What is g(2)?
-4
Let n(i) = i**3 - 45*i**2 + 205*i - 121. Give n(40).
79
Let q(o) = -o**2 + 174*o + 17385. What is q(-71)?
-10
Let n(w) = -6*w**2 + 765*w - 379. What is n(127)?
2
Let o(u) = -u**3 + 37*u + 60. What is o(-5)?
0
Let k(p) = -2*p - 126. Calculate k(21).
-168
Let w(y) = 2*y**3 - 2*y**2 + y + 3. What is w(4)?
103
Let p(r) = 659*r**2 + 22*r + 17. Give p(-1).
654
Let m(d) = -4*d**3 - 17*d**2 + 42*d - 7. What is m(5)?
-722
Let n(c) = c**3 + 77*c**2 - 1936*c + 409. What is n(-97)?
21
Let n(q) = q**2 + 80*q - 489. Calculate n(-85).
-64
Let i(b) = b**3 + 3*b**2 - 126. Give i(-6).
-234
Let m(h) = h**3 + 22*h**2 - 73*h + 51. Calculate m(-25).
1
Let w(m) = 213*m - 95. Give w(4).
757
Let i(n) = n**3 - 14*n**2 + 5*n - 9. Calculate i(13).
-113
Let l(o) = o**2 - 94*o - 6413. What is l(140)?
27
Let y(j) = j**3 + 13*j**2 - 613*j - 79. Give y(-32).
81
Let o(v) = -22*v + 193. What is o(6)?
61
Let d(z) = 9218*z + 36871. What is d(-4)?
-1
Let o(u) = 9*u**2 - 37*u - 2. Give o(5).
38
Let c(x) = -8*x**2 - 2978*x + 14925. Calculate c(5).
-165
Let p(b) = -72*b + 294. What is p(4)?
6
Let o(a) = a**3 - 8*a**2 + 37*a - 6. Give o(4).
78
Let a(w) = 222*w + 2667. Determine a(-12).
3
Let c(b) = -1179*b + 8263. Calculate c(7).
10
Let h(k) = -130*k - 1513. Calculate h(-11).
-83
Let s(j) = -17075*j - 51231. What is s(-3)?
-6
Let l(s) = -69680*s - 418081. Give l(-6).
-1
Let g(m) = 7*m**3 + m**2 - 70*m + 70. Determine g(1).
8
Let c(n) = n**3 + 48*n**2 + 122*n - 583. What is c(-45)?
2
Let h(x) = 51*x + 2. Determine h(-7).
-355
Let j(q) = -q**2 + 22*q - 156. Give j(6).
-60
Let h(v) = v**3 - 2*v**2 + 17*v + 40. Calculate h(-2).
-10
Let u(x) = 3*x**3 - 16*x**2 + 16*x - 120. What is u(6)?
48
Let m(r) = 286*r - 31207. Determine m(109).
-33
Let w(j) = -18*j**2 - 19*j + 32. Give w(-6).
-502
Let l(b) = b**3 - 28*b**2 + 11*b + 114. Determine l(27).
-318
Let p(t) = -t**2 + 5*t + 18. Give p(4).
22
Let t(l) = 9*l**2 - 96*l - 9. Calculate t(6).
-261
Let t(v) = 49*v**3 - 932*v**2 + 17*v + 43. Calculate t(19).
5
Let h(y) = -y**2 + 21*y - 94. What is h(14)?
4
Let n(q) = -13*q - 47. Give n(6).
-125
Let t(y) = 3*y**3 - 4*y**2 - 19*y - 33. What is t(-3)?
-93
Let g(o) = o**2 - 4877*o + 53499. Calculate g(11).
-27
Let s(f) = -25*f + 236. Calculate s(10).
-14
Let u(z) = z**3 + 2*z**2 - 13*z - 17. Determine u(-5).
-27
Let j(t) = t**2 - 9*t + 147. Calculate j(0).
147
Let j(l) = 97*l**3 + 4*l**2 - 8*l - 11. Calculate j(-1).
-96
Let a(s) = -s**2 + 417*s - 41304. Calculate a(162).
6
Let w(t) = 3*t**2 + 46*t - 43. Give w(-18).
101
Let u(g) = 3*g**2 + 75*g + 391. Give u(-8).
-17
Let r(a) = -6*a**3 + 52*a**2 - 14*a - 148. What is r(8)?
-4
Let q(b) = b**3 - 19*b**2 + 87*b - 19. What is q(7)?
2
Let h(r) = -r**3 + 64*r**2 + 198*r + 199. What is h(67)?
-2
Let l(g) = g**3 - 71*g**2 - 10*g + 703. Calculate l(71).
-7
Let n(b) = -b**3 - 68*b**2 + 65*b - 307. Give n(-69).
-31
Let h(p) = -p**2 - 398*p + 2835. What is h(7)?
0
Let i(r) = 404*r + 5247. Give i(-13).
-5
Let c(v) = 2*v**3 - 21*v**2 - 19*v + 337. Give c(10).
47
Let o(b) = -34*b - 2937. What is o(-83)?
-115
Let d(m) = 2*m**3 - 24*m**2 - 28*m + 29. What is d(13)?
3
Let i(h) = -14*h + 232. Calculate i(17).
-6
Let u(o) = -13399*o + 26793. What is u(2)?
-5
Let b(i) = -4*i + 10. Give b(14).
-46
Let b(f) = -4*f**2 + 48*f + 84. Calculate b(13).
32
Let u(d) = -d**3 - 5*d**2 + 19*d - 15. What is u(-7)?
-50
Let i(l) = l**3 + 5*l**2 - 31*l - 128. Determine i(-8).
-72
Let g(h) = -19*h**3 - 2*h**2 - 61*h + 117. Calculate g(2).
-165
Let t(v) = -12*v**2 + 945*v + 1190. What is t(80)?
-10
Let u(v) = 241*v + 1681. What is u(-7)?
-6
Let b(f) = -f**3 + 140*f**2 - 276*f + 1. Calculate b(138).
1
Let w(b) = -2*b**2 - 6*b + 30. Give w(7).
-110
Let q(h) = -2*h**3 + h**2 - 2*h + 252. Give q(0).
252
Let n(o) = 26*o**2 - 164*o + 50. Determine n(6).
2
Let g(m) = 2713*m - 8150. Calculate g(3).
-11
Let g(x) = 55*x + 394. Calculate g(-9).
-101
Let r(i) = i**2 + 299*i - 2771. What is r(9)?
1
Let t(y) = -7*y**2 - 109*y + 33. What is t(-16)?
-15
Let u(d) = 36*d + 1050. Determine u(-27).
78
Let c(j) = 264*j + 7656. What is c(-29)?
0
Let b(f) = -64*f - 3210. Determine b(-50).
-10
Let w(a) = -a**2 + 60*a + 576. What is w(65)?
251
Let n(b) = 29671*b + 178020. What is n(-6)?
-6
Let j(w) = -27*w - 680. What is j(-25)?
-5
Let x(l) = -65*l**2 - 39*l - 79. Determine x(-2).
-261
Let k(a) = 269*a - 2159. What is k(8)?
-7
Let y(h) = -491*h - 12276. Give y(-25).
-1
Let x(b) = 4*b**2 + 23*b + 60. Give x(-4).
32
Let f(q) = 27*q - 65. Give f(-5).
-200
Let j(p) = 72*p - 875. Calculate j(12).
-11
Let j(z) = -z**3 - 5*z**2 - 28*z - 119. Give j(-4).
-23
Let y(q) = -3*q**2 + 6*q + 72. Calculate y(-4).
0
Let s(d) = -42*d - 354. What is s(-6)?
-102
Let a(r) = 13*r**3 - 2*r**2 + 2. What is a(3)?
335
Let r(z) = -2225*z - 95656. Give r(-43).
19
Let k(w) = w**3 - 2*w**2 - 23*w + 11. What is k(5)?
-29
Let d(t) = t**3 - 7*t**2 - 28*t + 53. Calculate d(10).
73
Let d(u) = 6*u**2 + 14*u - 1. Give d(-4).
39
Let j(r) = -3*r**3 + 8*r**2 - 71*r + 189. Determine j(3).
-33
Let t(i) = i**3 + 4*i**2 - 16*i - 1. Determine t(-11).
-672
Let j(w) = 43*w - 550. What is j(12)?
-34
Let h(y) = 26*y - 2156. Give h(74).
-232
Let m(c) = -2*c**3 + c**2 + 15*c - 41. What is m(-3)?
-23
Let k(u) = -913*u + 16432. What is k(18)?
-2
Let l(i) = 3*i**2 - 52*i - 305. Determine l(22).
3
Let i(f) = 8*f**2 - 58*f + 19. Determine i(8).
67
Let y(j) = 207*j + 253. What is y(3)?
874
Let z(v) = -1038*v + 3117. Give z(3).
3
Let q(u) = 2*u**2 + 33*u + 175. Determine q(-10).
45
Let q(u) = -u**3 + 25*u**2 - 113*u - 7. Determine q(19).
12
Let x(r) = -8*r**2 + 68*r + 50. Give x(9).
14
Let o(g) = -g**3 + 11*g**2 - 5*g + 164. What is o(13)?
-239
Let x(a) = -a**2 + 68*a - 511. Give x(60).
-31
Let j(q) = 316*q - 5379. Determine j(17).
-7
Let o(u) = 254*u - 3318. Calculate o(13).
-16
Let g(i) = 37*i + 69. Calculate g(-11).
-338
Let u(l) = -l**2 + 430*l + 2179. What is u(-5)?
4
Let t(k) = -121*k + 1199. What is t(13)?
-374
Let i(x) = 5*x**2 + 440*x + 3731. What is i(-9)?
176
Let o(i) = -143*i + 1409. Determine o(11).
-164
Let t(g) = -590*g + 11217. Give t(19).
7
Let n(v) = 162*v + 826. Calculate n(-5).
16
Let h(k) = k**3 - 10*k**2 - 154*k + 1447. Calculate h(13).
-48
Let b(n) = 35*n + 266. Give b(-13).
-189
Let d(n) = -4*n - 123. Give d(-32).
5
Let g(s) = -8*s**3 - 13*s**2 + 43*s + 5. Determine g(3).
-199
Let d(t) = 907*t - 25387. Calculate d(28).
9
Let i(w) = 9*w + 217. Determine i(4).
253
Let m(d) = 10*d**3 + 9*d - 23. What is m(2)?
75
Let s(f) = 28*f**2 + 141*f - 7. Calculate s(-5).
-12
Let y(q) = -q**3 - 83*q**2 - 179*q - 1376. Calculate y(-81).
1
Let n(o) = 23*o**2 - o - 53. Calculate n(0).
-53
Let r(s) = -s**3 - 87*s**2 - 15*s - 1297. Calculate r(-87).
8
Let r(p) = 6*p**2 + 97*p + 374. Give r(-8).
-18
Let u(h) = 14*h**3 + 588*h**2 - h - 50. Calculate u(-42).
-8
Let j(d) = 46*d + 550. What is j(-12)?
-2
Let m(r) = -98*r - 447. Give m(-4).
-55
Let x(c) = -3*c - 62. What is x(-31)?
31
Let h(c) = 65*c**2 - 20*c + 20. Determine h(1).
65
Let q(w) = -50*w**3 + 750*w**2 - 2*w + 26. Give q(15).
-4
Let u(c) = 16*c**2 - 81*c + 3. Determine u(5).
-2
Let m(h) = 2*h**2 - 488*h - 10554. Calculate m(-20).
6
Let f(h) = 4*h**2 - 102*h + 306. Determine f(23).
76
Let y(n) = -n**2 - 55*n - 734. Calculate y(-32).
2
Let g(h) = -4325*h - 12976. What is g(-3)?
-1
Let n(v) = -v**2 + 23*v - 29. Determine n(2).
13
Let s(r) = -3881*r + 69865. Determine s(18).
7
Let n(c) = -c**3 + 8*c**2 + 53*c - 267. Determine n(4).
9
Let l(f) = 2*f**2 + 19*f - 9. Determine l(-8).
-33
Let g(j) = -j**2 + 72*j + 218. Calculate g(86).